) - 3*s(l). Calculate v(f).
-2
Suppose 0 = 3*h - 2*v - 191, 3*v = h - 2*v - 68. Suppose h*y + 12 = 65*y. Let b(z) = -8*z + 8 - 3 + 4 + z**2. What is b(y)?
-3
Let n(y) = -1 + y**3 - 2*y**2 + 4*y + 0 - 2. Let j = 605 + -603. Give n(j).
5
Let x(n) be the second derivative of n**5/60 + n**4/24 - n**3/6 + n. Let l(j) be the second derivative of x(j). Let k be ((-26)/143)/(7/77). Give l(k).
-3
Let d be (-36)/(-81)*(-45)/10. Let l(j) = j - 3. What is l(d)?
-5
Let q(z) = z**3 - 6*z**2 + 6*z. Suppose 6*v + v - 245 = 0. Suppose -40 = 3*t - 8*t - 3*r, 3*r = -4*t + v. Give q(t).
5
Let w be 8*-1*(-9 - -10). Let a be (-2 + -1)*3*w/(-12). Let i(c) = -c**3 - 6*c**2 - c - 3. What is i(a)?
3
Let r be (-9)/(-4) + 9/(-36). Let j(u) = -3 + r + 95*u - 96*u. Determine j(5).
-6
Let p(j) be the first derivative of j**6/40 - j**5/60 - j**4/24 - j**3/6 + 8*j**2 + 17. Let c(x) be the second derivative of p(x). Determine c(-1).
-4
Let p be (-10)/45 - ((-141)/27 + -1 - -7). Let b(c) = c**3 - 2*c**2 + 4*c + 4*c**2 - 3*c. Calculate b(p).
0
Let p = -46 - -50. Let y(l) = p*l - 4*l + 2 + l**2 + 0*l + 10*l. Give y(-9).
-7
Suppose -7*x = -5*p - 12*x, 4*p - 4*x + 16 = 0. Let i(w) = -w**3 - 5*w - 7. Determine i(p).
11
Let k = 104 - 113. Let y(z) = z**3 + 8*z**2 - 13*z - 11. What is y(k)?
25
Let j = -7 + 11. Suppose j*c + 2*l - 26 = 0, 4*c - l - 19 = 4*l. Let s(b) = -b + 2. Determine s(c).
-4
Suppose 3*i - 13 = -w, 5 = -4*i + 21. Let t(s) = 22*s**3 - s**2 + 2*s - 1. Determine t(w).
22
Let w be -1*2 - (-20)/(-4). Let r(m) be the second derivative of -m**3/3 - 9*m**2/2 - m. Let b(v) = v + 5. Let z(q) = w*b(q) - 4*r(q). Determine z(-4).
-3
Let o(x) = -15*x + 25. Let g(l) = 13*l - 24. Let f(j) = -6*g(j) - 5*o(j). Determine f(6).
1
Let h(o) = -o - 4. Let k be h(2). Let g be (-21)/k + 2/(-4). Let y(c) = -2*c + g*c - 3*c + 0*c - 5. Give y(5).
-15
Let n(u) = -u**2 - 23*u - 45. Let q be (-5 - -14)*(-16)/6 + 3. What is n(q)?
-3
Let l(i) be the third derivative of -i**7/2520 + i**6/120 + i**5/60 - i**4/24 + 4*i**2. Let z(k) be the second derivative of l(k). Determine z(6).
2
Let v(h) = h**3 + 15*h**2 - 14*h + 24. Let o be -9 - ((-23)/(-3) + (-26)/39). What is v(o)?
-8
Suppose -999*g = -992*g + 14. Let p(h) = 5*h**3 + 2*h**2 + 2. What is p(g)?
-30
Let j(p) = p - 6. Let g be 0 + 2 - (75 - 3)/12. Calculate j(g).
-10
Let z(x) be the first derivative of -x**4/4 - 5*x**3/3 + x + 84. Determine z(-5).
1
Let x be 2/(-23) - (-117)/23. Let i(q) = -q**3 + 7*q**2 - 7*q - 1. Calculate i(x).
14
Let i = 5 - -8. Let r(b) = 13*b + 5*b**2 - i*b - 3 - b**3. Determine r(4).
13
Suppose 4*u - 77 = 5*c, u = 3*c + 57 - 8. Let i(j) = -2*j**3 - 33*j**2 + 18*j + 7. Calculate i(c).
-10
Let j = 17 + -22. Let b(h) be the second derivative of -h**4/24 - 2*h**3/3 + h**2/2 - 3*h. Let v(o) be the first derivative of b(o). Calculate v(j).
1
Let r = -38 - -86. Let i = -42 + r. Let j(c) = c**3 - 6*c**2 - 3*c + 5. Calculate j(i).
-13
Let l(k) = -k**2 + 7*k - 4. Let s be l(4). Let v(f) = -2*f**2 - 17*f - 18. Let o be v(-7). Suppose -s + 26 = -o*b. Let c(d) = d**2 + 7*d + 4. Give c(b).
-2
Let z(x) be the third derivative of -x**6/120 - x**5/30 - x**4/4 - x**3 + x**2 + 97*x. What is z(-3)?
21
Let t = -240 + 239. Let w(m) = 14*m**3 + m + 1. Give w(t).
-14
Let n(u) = 4*u - 1. Let g(o) = -3*o - 2. Let t(j) = -j. Let l(s) = g(s) - 4*t(s). Suppose -2*y = 3*y. Let b be l(y). What is n(b)?
-9
Let a be (-42)/(-1 + -2 + (-33)/(-9)). Let d = a + 65. Let g(k) = 2*k**2 + 2*k - 2. Give g(d).
10
Suppose 6*v - 294 + 6 = 0. Let y(t) = -5*t**2 + v - 48. Suppose 6*j - j = -5. Determine y(j).
-5
Let n(o) be the second derivative of -o**3/6 - o**2/2 + 3*o. Let t be (48/(-20))/(9/(-15)). Determine n(t).
-5
Let n = -96 - -99. Suppose 3 = -y + n. Let j(u) = u**2 + u - 12. Determine j(y).
-12
Let a(g) = g - 10. Let h(p) = -22*p + 731. Let t be h(33). What is a(t)?
-5
Let t(i) be the third derivative of i**7/140 + i**6/360 - i**4/24 - i**3/2 - 38*i**2. Let c(d) be the first derivative of t(d). Calculate c(1).
6
Let b(m) = -m + 11. Let x(z) = z + 15. Let w(r) = 3*b(r) - 2*x(r). What is w(2)?
-7
Let c(p) = -3*p**3 - 7*p**2 + 3*p - 3. Let d = -18 - -35. Let t(v) = -v**3 - 2*v**2 + v - 1. Let z(b) = d*t(b) - 6*c(b). Determine z(-8).
9
Let o(v) = 2*v + 10*v**2 + 18*v**2 - 35*v**2 + 6*v**2 + 2*v + 4. Determine o(5).
-1
Let j(t) = 10*t**2 + 4*t - 3. Let c(g) = g**2 - g + 1. Let m(x) = -4*c(x) - j(x). Let d = -5469 - -5468. Calculate m(d).
-15
Let h(b) = -b + 4. Let a(y) = 2*y**3 - 14*y**2 + 18*y**2 - 3*y**3 - 14*y**2 + 6 - 9*y. Let w be a(-9). Determine h(w).
-2
Suppose 5*i - 7 = 3. Let w(c) be the third derivative of -c**6/144 + c**5/120 - 35*c**4/24 - 22*c**2. Let f(a) be the second derivative of w(a). Calculate f(i).
-9
Let y(m) = -m**2 + 10*m + 16. Let q be y(11). Let z(i) = 5 + i + 5 - 2 - 3. Determine z(q).
10
Let k(o) = 3*o**2 - o - 2. Suppose -3*a - 4 = 5*z, -a + 0*z - 5*z = 8. Let d = 54 + -52. Suppose a = -2*s - x, -3*x = s + s - d. Give k(s).
12
Let x(g) = -g + 3. Let r = -27 + 45. Suppose -4*k + 5 - 2 = 5*c, -3*c + 3*k + r = 0. Let h be (-14)/7*c/2. Give x(h).
6
Let i(c) be the second derivative of c**5/20 + c**4/3 - c**3 + 99*c. Calculate i(-5).
5
Suppose 4*v + y + 3 = 0, -2*v + 2*y - 6 = 8. Let b(h) = h**3 + 3*h + 1. What is b(v)?
-13
Let w(q) = -5*q - 58. Let b be w(-12). Let s(z) = 8*z - 3. What is s(b)?
13
Let h(c) = 5 + 5 - 2*c + 7*c - 9. Calculate h(3).
16
Let b(u) be the second derivative of -u**5/20 + u**4/12 + u**3/2 - 2*u**2 + 12*u. What is b(3)?
-13
Let t be (-6)/18 - ((-4)/3 - -1). Let u(n) = n + 3. Determine u(t).
3
Let l(a) = a**2 - 2*a**2 - a - 5*a - 3*a. Let g = 959 - 967. Determine l(g).
8
Suppose -42*p - 75 = 9. Let v(x) = -2*x**3 + x**2 + 2. What is v(p)?
22
Let n(k) = k**2 - k - 1. Let d = -51 + 51. Calculate n(d).
-1
Suppose 4 = -3*f + 5*f. Let c(r) = -189*r + 189*r - 2*r**3 - f*r**2. Suppose -3*t + 19 = 5*k, 0 = -t - k - 3*k + 18. Give c(t).
8
Let f(w) = w**3 + 4*w**2 - 5*w - 1. Let q(c) = 8*c + 275. Let p be q(-35). Calculate f(p).
-1
Let j(y) = -6*y**2 - 4 - 5*y + 7*y**2 + 6*y. Let w = 6 - 6. Calculate j(w).
-4
Let y(b) = 2*b - 4. Let l be y(4). Suppose m = l*m - 48. Let h(d) = -14 + m - 4 - d. What is h(6)?
-8
Let l(r) be the third derivative of r**5/60 - 5*r**4/12 + 2*r**3 + 333*r**2. Calculate l(5).
-13
Let k(x) be the first derivative of -x**4/4 - x**3/3 + 6*x - 120. Calculate k(0).
6
Let g(l) be the third derivative of l**5/60 - 3*l**4/8 - 2*l**3 - 72*l**2 - l. Suppose x = 5*q - x - 57, -1 = x. Determine g(q).
10
Let b(t) = -19*t + 2. Suppose 0 = -13*i - 19 + 58. Give b(i).
-55
Let b(z) be the first derivative of z**4/4 - 2*z**3 + z**2 + 7*z + 1. Suppose 4*u - 2*h = 40 + 28, 5*u = 5*h + 95. Suppose 0 = 7*q - 10*q + u. Give b(q).
-8
Suppose 0 = 3*k - 2 + 8. Let y(n) = 13*n - 2. Let v be y(k). Let g = 24 + v. Let p(j) = 4*j + 6. Calculate p(g).
-10
Let r(x) = x - 2. Let l = -11 - -16. Suppose 5*t + l*n - 9 - 21 = 0, 3*n = -2*t + 15. Determine r(t).
1
Let r(g) = 5*g - 4*g + 5*g - 7*g. Let i(v) be the first derivative of -v**4/4 - 2*v**3 + 7*v + 3. Let u(p) = -i(p) - 3*r(p). Calculate u(-5).
3
Let b(j) = -2 - j**2 + 375*j - 374*j - 7. Calculate b(0).
-9
Let z = -604 - -606. Let m(l) be the third derivative of 1/6*l**3 - 1/60*l**5 + 1/8*l**4 + 0 - 2*l**z + 0*l. Calculate m(3).
1
Suppose 0 = -4*q + 3*q - 4*a + 16, 2*a - 2 = -2*q. Let s = -3 + 3. Let i(g) = -g + 2 - g + 3 + s*g. Determine i(q).
13
Let a(o) be the first derivative of -o**4/12 - o**3 - 2*o**2 - 11*o + 6. Let n(l) be the first derivative of a(l). Determine n(-6).
-4
Let z(g) = g**2 - 5. Let s(c) = 13*c. Let x be s(0). What is z(x)?
-5
Let v(t) = t**2 + 3*t - 12. Let q be v(-6). Let c(m) be the first derivative of -7/3*m**3 - 10 + 1/4*m**4 + 2*m**2 + 7*m. Give c(q).
-5
Let g(j) = 3*j + 71. Let l be g(-23). Suppose 5*i - q + 6 - 3 = 0, q + 4 = -l*i. Let b(y) = 27*y**3 + 2*y**2 - 1. Determine b(i).
-26
Let z(h) = -4*h**2 + 2. Suppose -5*v = 3*i + 19, -2*v - 25 = 3*v + 5*i. Calculate z(v).
-14
Let y(v) = 11*v**2 + 28*v + 5. Let b(g) = -7*g**2 - 19*g - 3. Let q(f) = -8*b(f) - 5*y(f). Give q(-11).
-12
Let w(k) = 13*k**3 + 33*k**2 + 7*k - 9. Let y(r) = 3*r**3 + 8*r**2 + 2*r - 2. Let i(b) = -2*w(b) + 9*y(b). Let p be (-4)/14 + 220/35. Let m = 1 - p. Give i(m).
5
Let b be